 r(s).
0
Let c = -7 + 9. Let p be 54/12*c/3. Let w(r) = -r**2 + 5*r - 1. Determine w(p).
5
Let i(z) = 8 + z**2 + 1 - 10 + 0. Give i(4).
15
Let x(v) = v**2 - 5*v - 6. Let z be x(6). Let o = 4 - 3. Let m(j) = j + 9. Let d(i) = 1. Let h(p) = o*m(p) - 3*d(p). What is h(z)?
6
Let z(y) = -y + 1. Let g be z(0). Let c be g/(-3)*(2 - 5). Let d(s) = 5*s**3 - s**2 + 1. Calculate d(c).
5
Let s(b) = -b**3 - 3*b**2 - b - 4. Let w be (-8)/(-4) + -1 + 1. Suppose -w = 2*c + 4. Calculate s(c).
-1
Suppose -2 = -2*f + 6. Let u(j) = 5*j**2 + 2*j - 5. Let g(h) = -9*h**2 - 5*h + 10. Suppose 14 = -3*y + 5*y. Let p(r) = f*g(r) + y*u(r). Give p(-5).
10
Let s(c) = -2 + 3*c + 1 + 0. Let i = -1 - -4. Let f = -4 + i. Calculate s(f).
-4
Let p(n) = 3*n**2 - 10. Let h(y) = 2*y**2 - 7. Let z(k) = -7*h(k) + 5*p(k). Suppose -5*s - 12 + 2 = 0. Give z(s).
3
Suppose 0 = 4*n - b - 4*b + 11, n + 4*b + 8 = 0. Let r(y) = 2*y**2 - 3*y - 1. Let i(o) = -o**2 + o + 1. Let v(f) = -7*i(f) - 3*r(f). Calculate v(n).
4
Suppose 0 = -q - 3, 5*q = 4*h + 3*q + 18. Let d(y) = -y**2 - 8*y - 9. Calculate d(h).
3
Let l(r) = -14*r - 27 - 4*r**2 - r**3 + 28 + 14*r. What is l(-2)?
-7
Let v(s) = s. Let h(m) = m - 4. Let r be h(3). Let x be r/(-3) + (-14)/6. What is v(x)?
-2
Let q(t) = t - 1. Let x = -5 + -3. What is q(x)?
-9
Let v be (-5)/(-10) + (-3)/6. Let t(o) = 4*o**3 - o**2 + o + 8. Let w(l) = -l**3. Let n(a) = t(a) + 5*w(a). Calculate n(v).
8
Let p be 1/(-2) - (-21)/6. Let z(q) = -q**3 - 5*q**2 - q - 3. Let d be z(-5). Let s(x) = -4*x + 4*x**3 + d - 3*x**3 - 3*x**2 + 2*x + 0*x**3. Give s(p).
-4
Let n(p) be the second derivative of -p**3/6 - p**2 + 2*p. Suppose 3*q - 5 - 3 = 4*m, -4*q = -5*m - 9. Determine n(q).
2
Let u(q) = 5*q. Let x(n) = -n**2 + 4*n - 1. Let y be 45/10 + (-1)/2. Let f be x(y). Determine u(f).
-5
Let u(d) = 5*d**2 + d + 1. Let w be u(-1). Suppose -n + w*n - 20 = 0. Let j(l) = -2*l + 6. Give j(n).
-4
Let v(j) be the third derivative of j**5/60 + j**4/6 - j**3/6 - 13*j**2. What is v(-4)?
-1
Suppose 0 = 2*c + 2*c - 16. Let a(t) be the third derivative of 1/20*t**5 + 0*t - 2*t**2 + 1/6*t**4 + 0*t**3 - 1/120*t**6 + 0. Give a(c).
0
Suppose -2*x + 9*r = 4*r + 3, 0 = -3*x - 2*r + 5. Let m = 0 - x. Let z(d) = 1. Let w(v) = 5*v - 3. Let b(i) = -w(i) - 2*z(i). Give b(m).
6
Let a(n) = -4*n**3 - 2*n**2 - 2*n - 1. Let j be a(-1). Let p be 5/j - 2/3. Let h(c) be the first derivative of c**2/2 - 1. What is h(p)?
1
Let j(k) = k - 2. Let t be j(6). Let x(b) = -b**2 + 6*b - 3. What is x(t)?
5
Let m(u) be the second derivative of -u**3/6 - 5*u**2/2 - 3*u. Let w be m(-8). Let g(v) = 3*v - v - v + w. What is g(-5)?
-2
Let c be (-3)/(-9) - (-39)/(-9). Let r(x) = 3*x - 2. Calculate r(c).
-14
Let d be (-2)/(-7) - (-26)/(-91). Let b(k) = -2*k + 0*k + k + 3 + d. Calculate b(4).
-1
Let i(x) = x**3 + 9 - 5*x**3 + 2*x**3 - 11*x**2 - 3*x. Let a(k) = -k**3 - 5*k**2 - k + 4. Let w(l) = -7*a(l) + 3*i(l). Determine w(2).
11
Suppose -2 = -4*v + 10. Let i be (-12)/v*3/6. Let q(w) = w**3 - 3*w - 3. Calculate q(i).
-5
Let k(y) be the first derivative of y**4/4 - 7*y**3/3 - 7*y**2/2 + 11*y - 16. Give k(8).
19
Let h(o) = -o**2 + 7*o + 13. Suppose -10*t = -15*t + 45. Give h(t).
-5
Suppose -5*k = -10*k + 10. Let v(f) = 6 + 4*f + 5*f - 3*f + 0*f**2 - f**2. Let b(w) = -w - 1. Let g(l) = 6*b(l) + v(l). Give g(k).
-4
Let v(o) be the third derivative of -o**7/5040 - o**6/240 - o**5/30 - 2*o**2. Let h(q) be the third derivative of v(q). Determine h(3).
-6
Suppose -5*i - h - 13 = -33, -2*i + 5*h = 19. Let l(v) = -v**3 + 3*v**2 + 2*v + 3. What is l(i)?
9
Let a(f) = 27 - 27 + f. Calculate a(6).
6
Let x(l) = 20*l**2 + 26*l - 24. Let j(g) = -7*g**2 - 9*g + 8. Let f(b) = -17*j(b) - 6*x(b). Determine f(-6).
-10
Let k(w) = 0*w + 7 + 17 - 19 - w. Give k(5).
0
Let o(c) = 2*c**2 + 4*c + 2. Let t be (6/4)/(15/(-20)). What is o(t)?
2
Let x(u) be the second derivative of -5*u**3/3 - 4*u. Determine x(1).
-10
Let z(k) be the first derivative of 1/3*k**3 - 3/10*k**5 - 2*k + 1/2*k**2 + 1 + 0*k**4. Let u(h) be the first derivative of z(h). Calculate u(-1).
5
Let t be (-1 + (-2)/(-1))*3. Let k(h) = -5*h**3 + 4*h**2 - 2*h + 1. Let l(w) = 9*w**3 - 7*w**2 + 4*w - 2. Let v(u) = 11*k(u) + 6*l(u). Calculate v(t).
-4
Let t(o) be the second derivative of -5/6*o**3 + 0 + 1/12*o**4 - 1/2*o**2 + 3*o. Calculate t(6).
5
Let k(b) be the first derivative of -b + 0*b**2 + 6 - 1/3*b**3. Calculate k(2).
-5
Let m(j) = j**3 + 5*j**2 + 3*j + 2. Let c = -18 + 15. Give m(c).
11
Let y(x) = -62*x - 60*x + 178*x - 5 - 55*x. What is y(0)?
-5
Let t(b) = -b**2 - 2*b + 7. Let v(c) = c**3 - 3*c**2 + c - 6. Let l be v(0). Give t(l).
-17
Let u(g) = -3*g + 1. Let w be 2 - -2 - 36/12. What is u(w)?
-2
Let j = -5 - 0. Let b(t) = -t + 11. Let l be b(7). Let n(w) = -3 + 6*w**3 + l*w + 0*w + 6*w**2 - 5*w**3. What is n(j)?
2
Let w(q) = 22*q**3 - 3*q**2 + 5*q + 3. Let z(y) = -33*y**3 + 5*y**2 - 8*y - 5. Let n(a) = -8*w(a) - 5*z(a). Determine n(1).
-11
Let l(m) = m**3 - 4*m**2 - 5*m - 2. Let d be l(5). Let j(q) = -14*q**2 - 15*q - 20. Let f(u) = -5*u**2 - 5*u - 7. Let c(g) = 11*f(g) - 4*j(g). Calculate c(d).
-3
Let k(h) = -h**3 - 6*h**2 - 6*h - 2. Suppose -3*v + 3*p + 4 = -v, -v = -3*p - 8. Calculate k(v).
-10
Let s(u) = -4*u + 44. Let b be s(8). Let f(o) = o - 9. Calculate f(b).
3
Suppose 0 = -4*o + 4, 2*p - 7*p + 4*o = 4. Suppose p = 4*g - 2*f + 30, -5*g - 43 = -4*f - 1. Let n(j) = -j**2 - 6*j - 6. Calculate n(g).
-6
Let h(g) = 3*g + 3. Suppose 2*i = 3*i + 3. Determine h(i).
-6
Let y(l) = 6*l. Suppose 6 + 2 = 4*n. Suppose -2*t + 4 = n*t. Determine y(t).
6
Let v(z) = z**3 + 12*z**2 - 28*z + 2. Let g be v(-14). Let f(o) be the first derivative of 0*o + 1/2*o**g + 1. What is f(4)?
4
Let n(q) = -6*q**2 + q - 1. Suppose -8*j + 136 = -3*j - 3*c, 0 = -3*j + 5*c + 72. Suppose 3*v + k + 2*k = 27, j = v + 5*k. Suppose v = w + 3*w. Calculate n(w).
-6
Let g(l) = l**3 - 2*l**2 - 2*l - 3. Suppose -3*r - m + 9 = 0, -4*r - 3*m + 8*m + 12 = 0. Give g(r).
0
Let l(j) = -j**3 - 13*j**2 - 2*j - 32. Let h be l(-13). Let y(r) = r - 1. Let c(k) = -k**2 - 11*k + 9. Let d(v) = -c(v) - 6*y(v). Determine d(h).
3
Let i(t) = 4*t. Let k(l) = l. Let h(q) = 2*i(q) - 7*k(q). Suppose -r + v = 0, 2*v - 5*v = 12. Calculate h(r).
-4
Let n(k) = k**3 + 6*k**2 + 2*k - 7. Suppose 5*g + 4 = 14. Suppose 2*y = -3*y + g*j - 12, 5*j + 3 = -4*y. Let p be (25/(-15))/(y/(-6)). Calculate n(p).
8
Let n(a) be the first derivative of -a**4/4 - a**3 + a**2 - a + 1. Determine n(-3).
-7
Suppose -12 = -0*z - 4*z. Let o(i) = 6*i - 3*i + 11*i**z - 3*i. Determine o(1).
11
Let n(p) = p**2 - 4*p - 6. Suppose -x = -3*x + 10. What is n(x)?
-1
Suppose -j + 2 = g + 2*j, 2*g + j = 9. Let t(k) = 11*k**2 - 13*k - 1. Let q(a) = -6*a**2 + 7*a + 1. Let u(f) = g*q(f) + 3*t(f). Calculate u(2).
6
Let s(y) be the second derivative of y**5/10 - y**4/12 - y**3/6 - y**2/2 + y. Let f(z) = -z**2 + 6*z + 2. Let l be f(6). Suppose l = -4*u + 2*u. What is s(u)?
-3
Let d(a) = a**2 + a + 2. Let y be d(-2). Let l = y - 1. Suppose 12 - 27 = l*r. Let q(t) = t**3 + 6*t**2 + 4*t + 1. Calculate q(r).
6
Let i(w) be the second derivative of w**4/4 + w**3/6 - 2*w. Suppose -2*r - 4 = 2*r. What is i(r)?
2
Let o(s) = s**3 - s**2 + 2*s + 1. Suppose -5 = -2*f + 4*d - 13, -5*f - 5*d - 5 = 0. What is o(f)?
-15
Let q be ((-3)/2)/((-3)/6). Suppose q*x = -3 - 9. Let g(b) = b**3 + 4*b**2 - 3*b - 6. What is g(x)?
6
Suppose -5*h + 4*t = -19, -2*h = 3*h + 5*t - 10. Let s(k) be the first derivative of 1/2*k**2 - 3*k + h - 1/3*k**3. Calculate s(3).
-9
Suppose -20 = 5*n + 2*q, n - 2*q - 18 = 2*q. Let o(a) be the first derivative of 5*a**2/2 + 2*a + 2. Give o(n).
-8
Let p(s) = s**2 + 4*s - 1. Let y(g) = -g**3 - 11*g**2 + 13*g + 10. Let a be y(-12). Suppose 0*o = -5*o - 10. Let x = o + a. Determine p(x).
-1
Let f = -6 - -6. Let t(i) = -47 + 64 + i**2 + 0*i**2 - i. What is t(f)?
17
Let m = 17 + -10. Let x(y) = 2*y**2 - 3 - 2*y**2 - y**2 - m*y. Calculate x(-6).
3
Suppose -3*s + 0*s + 6 = 0, 0 = 5*o + 2*s - 64. Suppose -z - o = -4*z. Let a(i) = -3 - i**3 - 5*i + 5*i**2 + 3 + z. Determine a(4).
0
Let c be 63/60 - (-2)/(-2). Let m(a) be the second derivative of a - 1/6*a**4 + 0 - 5/6*a**3 + c*a**5 + a**2. Determine m(3).
-4
Let b(t) = t**2 + 7*t - 16. Let a be b(-9). Let n(m) = -m**3 + 4*m**2 - 2*m. Ca